{"id":144,"date":"2020-10-16T14:54:19","date_gmt":"2020-10-16T12:54:19","guid":{"rendered":"http:\/\/www.experts-equins.org\/?post_type=product&#038;p=144"},"modified":"2021-03-19T14:11:36","modified_gmt":"2021-03-19T13:11:36","slug":"pierre-relin","status":"publish","type":"product","link":"http:\/\/www.experts-equins.org\/?product=pierre-relin","title":{"rendered":"Pierre RELIN"},"content":{"rendered":"<p><span style=\"font-weight: 400;\">Depuis:\u00a0<\/span><span style=\"font-weight: 400;\">1986<\/span><\/p>\n<p><span style=\"font-weight: 400;\">Nationalit\u00e9:\u00a0<\/span><span style=\"font-weight: 400;\">Fran\u00e7aise<\/span><\/p>\n<p><span style=\"font-weight: 400;\">Adresse:\u00a0<\/span><span style=\"font-weight: 400;\">40 traverse de P\u00e9lozane<\/span><\/p>\n<p><span style=\"font-weight: 400;\">Code postal:\u00a0<\/span><span style=\"font-weight: 400;\">69380<\/span><\/p>\n<p><span style=\"font-weight: 400;\">Ville:\u00a0<\/span><span style=\"font-weight: 400;\">CHARNAY<\/span><\/p>\n<p><span style=\"font-weight: 400;\">T\u00e9l\u00e9phone:\u00a0<\/span><span style=\"font-weight: 400;\">04 26 18 55 41 \/ 06 24 64 32 03<\/span><\/p>\n<p><span style=\"font-weight: 400;\">Adresse courriel:\u00a0<\/span><a href=\"mailto:relin@orange.fr\"><span style=\"font-weight: 400;\">relin@orange.fr<\/span><\/a><\/p>\n<p>&nbsp;<\/p>\n","protected":false},"excerpt":{"rendered":"<p><span style=\"font-weight: 400;\">Cour d&rsquo;appel: <\/span><span style=\"font-weight: 400;\">Lyon<\/span><\/p>\n<p><span style=\"font-weight: 400;\">Domaines de comp\u00e9tences:<\/span><\/p>\n<ul>\n<li style=\"font-weight: 400;\"><span style=\"font-weight: 400;\">M\u00e9decine et chirurgie \u00e9quine<\/span><\/li>\n<li style=\"font-weight: 400;\"><span style=\"font-weight: 400;\">Elevage et reproduction \u00e9quine<\/span><\/li>\n<li style=\"font-weight: 400;\"><span style=\"font-weight: 400;\">Valeur des chevaux de sport et de loisir<\/span><\/li>\n<li style=\"font-weight: 400;\"><span style=\"font-weight: 400;\">Enseignement et pratique de l&rsquo;\u00e9quitation<\/span><\/li>\n<\/ul>\n<p><span style=\"font-weight: 400;\">Titres &#8211; diplomes:<\/span><\/p>\n<ul>\n<li style=\"font-weight: 400;\"><span style=\"font-weight: 400;\">Docteur v\u00e9t\u00e9rinaire<\/span><\/li>\n<li style=\"font-weight: 400;\"><span style=\"font-weight: 400;\">Moniteur d&rsquo;\u00e9quitation<\/span><\/li>\n<li style=\"font-weight: 400;\"><span style=\"font-weight: 400;\">Expert clinicien<\/span><\/li>\n<\/ul>\n<p><span style=\"font-weight: 400;\">Autres:<\/span><\/p>\n<ul>\n<li style=\"font-weight: 400;\"><span style=\"font-weight: 400;\">Attach\u00e9 de consultation et de travaux pratiques \u00e0 l&rsquo;\u00c9cole nationale v\u00e9t\u00e9rinaire de Lyon<\/span><\/li>\n<li style=\"font-weight: 400;\"><span style=\"font-weight: 400;\">V\u00e9t\u00e9rinaire de concours de la F\u00e9d\u00e9ration \u00e9questre internationale<\/span><\/li>\n<li style=\"font-weight: 400;\"><span style=\"font-weight: 400;\">Membre du Comit\u00e9 de direction d&rsquo;un centre \u00e9questre<\/span><\/li>\n<li style=\"font-weight: 400;\"><span style=\"font-weight: 400;\">Membre de l&rsquo;Institut du droit \u00e9quin<\/span><\/li>\n<\/ul>\n","protected":false},"featured_media":258,"comment_status":"closed","ping_status":"closed","template":"","meta":[],"product_cat":[43,41,86,42,25],"product_tag":[],"_links":{"self":[{"href":"http:\/\/www.experts-equins.org\/index.php?rest_route=\/wp\/v2\/product\/144"}],"collection":[{"href":"http:\/\/www.experts-equins.org\/index.php?rest_route=\/wp\/v2\/product"}],"about":[{"href":"http:\/\/www.experts-equins.org\/index.php?rest_route=\/wp\/v2\/types\/product"}],"replies":[{"embeddable":true,"href":"http:\/\/www.experts-equins.org\/index.php?rest_route=%2Fwp%2Fv2%2Fcomments&post=144"}],"version-history":[{"count":1,"href":"http:\/\/www.experts-equins.org\/index.php?rest_route=\/wp\/v2\/product\/144\/revisions"}],"predecessor-version":[{"id":321,"href":"http:\/\/www.experts-equins.org\/index.php?rest_route=\/wp\/v2\/product\/144\/revisions\/321"}],"wp:featuredmedia":[{"embeddable":true,"href":"http:\/\/www.experts-equins.org\/index.php?rest_route=\/wp\/v2\/media\/258"}],"wp:attachment":[{"href":"http:\/\/www.experts-equins.org\/index.php?rest_route=%2Fwp%2Fv2%2Fmedia&parent=144"}],"wp:term":[{"taxonomy":"product_cat","embeddable":true,"href":"http:\/\/www.experts-equins.org\/index.php?rest_route=%2Fwp%2Fv2%2Fproduct_cat&post=144"},{"taxonomy":"product_tag","embeddable":true,"href":"http:\/\/www.experts-equins.org\/index.php?rest_route=%2Fwp%2Fv2%2Fproduct_tag&post=144"}],"curies":[{"name":"wp","href":"https:\/\/api.w.org\/{rel}","templated":true}]}}