{"id":104,"date":"2020-10-16T12:17:16","date_gmt":"2020-10-16T10:17:16","guid":{"rendered":"http:\/\/www.experts-equins.org\/?post_type=product&#038;p=104"},"modified":"2021-03-19T14:13:18","modified_gmt":"2021-03-19T13:13:18","slug":"maurice-amalric","status":"publish","type":"product","link":"http:\/\/www.experts-equins.org\/?product=maurice-amalric","title":{"rendered":"Maurice AMALRIC"},"content":{"rendered":"<p><span style=\"font-weight: 400;\">Nom:\u00a0<\/span><span style=\"font-weight: 400;\">AMALRIC<\/span><\/p>\n<p><span style=\"font-weight: 400;\">Pr\u00e9nom:\u00a0<\/span><span style=\"font-weight: 400;\">Maurice<\/span><\/p>\n<p><span style=\"font-weight: 400;\">Depuis:\u00a0<\/span><span style=\"font-weight: 400;\">1996<\/span><\/p>\n<p><span style=\"font-weight: 400;\">Nationalit\u00e9:\u00a0<\/span><span style=\"font-weight: 400;\">Fran\u00e7aise<\/span><\/p>\n<p><span style=\"font-weight: 400;\">Adresse:\u00a0<\/span><span style=\"font-weight: 400;\">52 all\u00e9e de la Dr\u00f4me<\/span><\/p>\n<p><span style=\"font-weight: 400;\">Code postal:\u00a0<\/span><span style=\"font-weight: 400;\">31770<\/span><\/p>\n<p><span style=\"font-weight: 400;\">Ville:\u00a0<\/span><span style=\"font-weight: 400;\">COLOMIERS<\/span><\/p>\n<p><span style=\"font-weight: 400;\">T\u00e9l\u00e9phone:\u00a0<\/span><span style=\"font-weight: 400;\">07 71 94 38 11<\/span><\/p>\n<p><span style=\"font-weight: 400;\">Adresse courriel:\u00a0<\/span><a href=\"mailto:amalric.m@orange.fr\"><span style=\"font-weight: 400;\">amalric.m@orange.fr<\/span><\/a><\/p>\n","protected":false},"excerpt":{"rendered":"<p><span style=\"font-weight: 400;\">Cour d&rsquo;appel: <\/span><span style=\"font-weight: 400;\">Toulouse<\/span><\/p>\n<p><span style=\"font-weight: 400;\">Domaines de comp\u00e9tences:<\/span><\/p>\n<ul>\n<li style=\"list-style-type: none;\">\n<ul>\n<li style=\"font-weight: 400;\"><span style=\"font-weight: 400;\">M\u00e9decine et chirurgie \u00e9quine<\/span><\/li>\n<li style=\"font-weight: 400;\"><span style=\"font-weight: 400;\">Elevage et reproduction \u00e9quine<\/span><\/li>\n<li style=\"font-weight: 400;\"><span style=\"font-weight: 400;\">Valeur des chevaux de sport et de loisir<\/span><\/li>\n<\/ul>\n<\/li>\n<\/ul>\n<p>&nbsp;<\/p>\n<p><span style=\"font-weight: 400;\">Titres &#8211; diplomes:<\/span><\/p>\n<ul>\n<li style=\"font-weight: 400;\"><span style=\"font-weight: 400;\">Docteur v\u00e9t\u00e9rinaire<\/span><\/li>\n<li style=\"font-weight: 400;\"><span style=\"font-weight: 400;\">Ancien assistant de parasitologie \u00e0 l&rsquo;\u00c9cole Nationale V\u00e9t\u00e9rinaire de Toulouse<\/span><\/li>\n<\/ul>\n<p><span style=\"font-weight: 400;\">Autres:<\/span><\/p>\n<ul>\n<li style=\"font-weight: 400;\"><span style=\"font-weight: 400;\">Eleveur de chevaux<\/span><\/li>\n<\/ul>\n","protected":false},"featured_media":257,"comment_status":"closed","ping_status":"closed","template":"","meta":[],"product_cat":[43,42,92,25],"product_tag":[],"_links":{"self":[{"href":"http:\/\/www.experts-equins.org\/index.php?rest_route=\/wp\/v2\/product\/104"}],"collection":[{"href":"http:\/\/www.experts-equins.org\/index.php?rest_route=\/wp\/v2\/product"}],"about":[{"href":"http:\/\/www.experts-equins.org\/index.php?rest_route=\/wp\/v2\/types\/product"}],"replies":[{"embeddable":true,"href":"http:\/\/www.experts-equins.org\/index.php?rest_route=%2Fwp%2Fv2%2Fcomments&post=104"}],"version-history":[{"count":2,"href":"http:\/\/www.experts-equins.org\/index.php?rest_route=\/wp\/v2\/product\/104\/revisions"}],"predecessor-version":[{"id":334,"href":"http:\/\/www.experts-equins.org\/index.php?rest_route=\/wp\/v2\/product\/104\/revisions\/334"}],"wp:featuredmedia":[{"embeddable":true,"href":"http:\/\/www.experts-equins.org\/index.php?rest_route=\/wp\/v2\/media\/257"}],"wp:attachment":[{"href":"http:\/\/www.experts-equins.org\/index.php?rest_route=%2Fwp%2Fv2%2Fmedia&parent=104"}],"wp:term":[{"taxonomy":"product_cat","embeddable":true,"href":"http:\/\/www.experts-equins.org\/index.php?rest_route=%2Fwp%2Fv2%2Fproduct_cat&post=104"},{"taxonomy":"product_tag","embeddable":true,"href":"http:\/\/www.experts-equins.org\/index.php?rest_route=%2Fwp%2Fv2%2Fproduct_tag&post=104"}],"curies":[{"name":"wp","href":"https:\/\/api.w.org\/{rel}","templated":true}]}}